{"id":3299,"date":"2024-11-25T09:34:07","date_gmt":"2024-11-25T09:34:07","guid":{"rendered":"https:\/\/artizani.modeltheme.com\/?post_type=product&#038;p=3299"},"modified":"2026-02-21T09:24:30","modified_gmt":"2026-02-21T09:24:30","slug":"minimalistic-vase","status":"publish","type":"product","link":"https:\/\/krukverket.se\/?product=minimalistic-vase","title":{"rendered":"Antik stil-Handgjord lervas"},"content":{"rendered":"<p><span data-olk-copy-source=\"MessageBody\">Liten handgjord vas i antik stil av naturlig lera. Den tidl\u00f6sa designen g\u00f6r den till en vacker detalj i hemmet, perfekt f\u00f6r sm\u00e5 blommor eller som dekoration. Varje vas \u00e4r unik med naturliga variationer fr\u00e5n det genuina hantverket.<\/span><\/p>\n","protected":false},"excerpt":{"rendered":"<p><span data-olk-copy-source=\"MessageBody\">Liten handgjord vas i antik stil \u2013 perfekt som dekor eller f\u00f6r sm\u00e5 blommor.<\/span><\/p>\n","protected":false},"featured_media":5252,"comment_status":"open","ping_status":"closed","template":"","meta":[],"product_brand":[],"product_cat":[30,35,79,39],"product_tag":[60,63,69,68],"class_list":{"0":"post-3299","1":"product","2":"type-product","3":"status-publish","4":"has-post-thumbnail","6":"product_cat-ceramic","7":"product_cat-handmade","8":"product_cat-kruka-vaser","9":"product_cat-pottery","10":"product_tag-handgjord-keramik","11":"product_tag-krukverket","12":"product_tag-minimalistisk","13":"product_tag-vas","14":"product_shipping_class-liten","16":"first","17":"instock","18":"taxable","19":"shipping-taxable","20":"purchasable","21":"product-type-simple","22":"artizani-col"},"_links":{"self":[{"href":"https:\/\/krukverket.se\/index.php?rest_route=\/wp\/v2\/product\/3299","targetHints":{"allow":["GET"]}}],"collection":[{"href":"https:\/\/krukverket.se\/index.php?rest_route=\/wp\/v2\/product"}],"about":[{"href":"https:\/\/krukverket.se\/index.php?rest_route=\/wp\/v2\/types\/product"}],"replies":[{"embeddable":true,"href":"https:\/\/krukverket.se\/index.php?rest_route=%2Fwp%2Fv2%2Fcomments&post=3299"}],"wp:featuredmedia":[{"embeddable":true,"href":"https:\/\/krukverket.se\/index.php?rest_route=\/wp\/v2\/media\/5252"}],"wp:attachment":[{"href":"https:\/\/krukverket.se\/index.php?rest_route=%2Fwp%2Fv2%2Fmedia&parent=3299"}],"wp:term":[{"taxonomy":"product_brand","embeddable":true,"href":"https:\/\/krukverket.se\/index.php?rest_route=%2Fwp%2Fv2%2Fproduct_brand&post=3299"},{"taxonomy":"product_cat","embeddable":true,"href":"https:\/\/krukverket.se\/index.php?rest_route=%2Fwp%2Fv2%2Fproduct_cat&post=3299"},{"taxonomy":"product_tag","embeddable":true,"href":"https:\/\/krukverket.se\/index.php?rest_route=%2Fwp%2Fv2%2Fproduct_tag&post=3299"}],"curies":[{"name":"wp","href":"https:\/\/api.w.org\/{rel}","templated":true}]}}