{"id":5419,"date":"2026-02-21T09:58:08","date_gmt":"2026-02-21T09:58:08","guid":{"rendered":"https:\/\/krukverket.se\/?post_type=product&#038;p=5419"},"modified":"2026-02-21T09:58:09","modified_gmt":"2026-02-21T09:58:09","slug":"klassisk-kruka","status":"publish","type":"product","link":"https:\/\/krukverket.se\/?product=klassisk-kruka","title":{"rendered":"klassisk kruka"},"content":{"rendered":"<div dir=\"auto\" data-olk-copy-source=\"MessageBody\">Handgjord terrakottakruka i tidl\u00f6s klassisk stil.<\/div>\n<div dir=\"auto\">Perfekt f\u00f6r blommor, \u00f6rter eller mindre tr\u00e4d.<\/div>\n<div dir=\"auto\">Den naturliga leran ger ett rustikt och varmt uttryck som passar i alla hem och tr\u00e4dg\u00e5rdar.<\/div>\n<div dir=\"auto\">Material: Terrakotta<\/div>\n<div dir=\"auto\">F\u00f6r inom- och utomhusbruk<\/div>\n","protected":false},"excerpt":{"rendered":"<p>Handgjord klassisk lerkruka i naturlig brun ton.<\/p>\n<p>Perfekt f\u00f6r v\u00e4xter och dekoration b\u00e5de inomhus och utomhus.<\/p>\n","protected":false},"featured_media":5420,"comment_status":"open","ping_status":"closed","template":"","meta":[],"product_brand":[],"product_cat":[30,35,79,39],"product_tag":[61,67,60,62,63,72,66,70,81,80],"class_list":{"0":"post-5419","1":"product","2":"type-product","3":"status-publish","4":"has-post-thumbnail","6":"product_cat-ceramic","7":"product_cat-handmade","8":"product_cat-kruka-vaser","9":"product_cat-pottery","10":"product_tag-blomkruka","11":"product_tag-dekor","12":"product_tag-handgjord-keramik","13":"product_tag-inomhuskruka","14":"product_tag-krukverket","15":"product_tag-lerkannor","16":"product_tag-planteringskrukor","17":"product_tag-stor-kruka","18":"product_tag-tradgard","19":"product_tag-utomhuskruka","20":"product_shipping_class-liten","22":"first","23":"instock","24":"taxable","25":"shipping-taxable","26":"purchasable","27":"product-type-simple","28":"artizani-col"},"_links":{"self":[{"href":"https:\/\/krukverket.se\/index.php?rest_route=\/wp\/v2\/product\/5419","targetHints":{"allow":["GET"]}}],"collection":[{"href":"https:\/\/krukverket.se\/index.php?rest_route=\/wp\/v2\/product"}],"about":[{"href":"https:\/\/krukverket.se\/index.php?rest_route=\/wp\/v2\/types\/product"}],"replies":[{"embeddable":true,"href":"https:\/\/krukverket.se\/index.php?rest_route=%2Fwp%2Fv2%2Fcomments&post=5419"}],"wp:featuredmedia":[{"embeddable":true,"href":"https:\/\/krukverket.se\/index.php?rest_route=\/wp\/v2\/media\/5420"}],"wp:attachment":[{"href":"https:\/\/krukverket.se\/index.php?rest_route=%2Fwp%2Fv2%2Fmedia&parent=5419"}],"wp:term":[{"taxonomy":"product_brand","embeddable":true,"href":"https:\/\/krukverket.se\/index.php?rest_route=%2Fwp%2Fv2%2Fproduct_brand&post=5419"},{"taxonomy":"product_cat","embeddable":true,"href":"https:\/\/krukverket.se\/index.php?rest_route=%2Fwp%2Fv2%2Fproduct_cat&post=5419"},{"taxonomy":"product_tag","embeddable":true,"href":"https:\/\/krukverket.se\/index.php?rest_route=%2Fwp%2Fv2%2Fproduct_tag&post=5419"}],"curies":[{"name":"wp","href":"https:\/\/api.w.org\/{rel}","templated":true}]}}